) = -q**3 - 4*q**2 + 5*q + 1. Let l(t) = -2*t + 11. Let o be 2 + -3 + 3 + -6. Let y(g) = -g + 4. Let j be y(o). Let p be l(j). Determine x(p).
1
Let a(l) be the third derivative of -l**4/8 - l**3/3 + 86*l**2 + 2. Let x = -2 + 4. Give a(x).
-8
Let y(x) = x**3 + 7*x**2 - 12*x + 16. Let h(n) = n**3 + 7*n**2 - 11*n + 14. Let p(s) = -3*h(s) + 2*y(s). Calculate p(-8).
-18
Let q = -4 - -1. Let k(m) be the third derivative of -1/20*m**5 + 41*m**2 + 0*m - 1/2*m**3 - 1/120*m**6 - 1/24*m**4 - 1. Calculate k(q).
0
Suppose 3*g + 12 = -5*j, -2*j + 1 + 11 = -3*g. Let k(i) be the second derivative of -i**3/6 - i**2/2 + 63*i. Determine k(g).
3
Let a(x) be the first derivative of -7 - 3 - 2*x**2 + 1 + x. Give a(1).
-3
Let a(t) = t**3 + 2*t**2 + 4*t + 2. Suppose -p - d = -2, -d + 40 = -5*p + 4*d. What is a(p)?
-19
Let b be 3/(15/20) + 6. Let r be (b/(-8))/((-5)/20). Let m(n) = -n**3 + 4*n**2 + 3*n - 1. Calculate m(r).
-11
Let m(b) = -4*b**3 + 55*b**2 + 38*b + 13. Let l(p) = -p**3 + 13*p**2 + 9*p + 3. Let c(f) = -9*l(f) + 2*m(f). Determine c(6).
-67
Let m be (-26 + 2)*2/(-6). Suppose m*a - 3*a = -55. Let v = a + 12. Let h(r) = -12*r**2 - 1. Calculate h(v).
-13
Let c = 27 + -23. Let h be (3 - (c + 1))/2. Let j(n) = -5*n**3 + n**2 - n - 1. Determine j(h).
6
Suppose 0 = -2*i + 3*j + 5 + 2, 10 = -i - 3*j. Let r(s) = -s + 19. Let a be r(12). Let m(t) = -2*t - a - 2*t**2 - 2*t + 6 + 2*t. Give m(i).
-1
Let o(a) = 0*a**2 + 2*a**2 - 12*a - 10 - 3*a**2. Let q(c) = c**2 + 11*c + 9. Let w(m) = 5*o(m) + 6*q(m). Let n = 20 - 24. Determine w(n).
-4
Suppose 2*u - 5*v - 17 = 4*u, -3*u - 14 = -4*v. Let h(r) = 4*r**2 + 9*r + 1. Let c(p) = 5*p**2 + 9*p + 1. Let f(w) = u*h(w) + 5*c(w). What is f(7)?
-15
Let w(c) = c**2 + 4*c - 1. Let o(z) = 6*z**2 + 48*z - 48. Let h be o(1). Calculate w(h).
59
Let a(p) be the first derivative of -p**6/120 + p**5/20 - p**4/24 + p**3/6 - 15*p**2/2 - 21. Let n(m) be the second derivative of a(m). Give n(3).
-2
Let z = 29 + -14. Suppose -4*i - 2*s + 22 = 0, -4*i + 10*s = 5*s - z. Suppose -i*d = d + 42. Let g(f) = f**2 + 8*f + 2. Give g(d).
-5
Let p(c) be the first derivative of c**7/70 - c**6/360 - c**5/120 + 43*c**3/3 - 8. Let k(q) be the third derivative of p(q). Give k(-1).
-12
Let i(d) = d**3 + 2*d**2 + d. Suppose 2*k + 285 = 281. What is i(k)?
-2
Let a(c) be the first derivative of c**3/3 - c**2/2 + 26*c - 94. What is a(0)?
26
Let p(c) = 6*c + 1 - c - 5*c - 5*c + 2*c**2 - c**2. Suppose 0 = -0*s + 5*s - 30. Give p(s).
7
Let i(h) = -h**3 + 4*h**2 + 6*h - 1. Let x be i(5). Let k(v) = -3*v**2 + v + 1. Let t(n) = -16*n**2 + 4*n + 6. Let m(q) = 11*k(q) - 2*t(q). What is m(x)?
-5
Suppose 12 = 7*s + 54. Let l be 17/(-3) - (3 + 22/s). Let x(i) = -i - 2. Calculate x(l).
3
Let d = -44 + 46. Let p(a) = 4*a**2 + 7*a + 8*a**2 - 12*a**2 + a**d + 1. Determine p(-6).
-5
Let o(d) = -13*d - 1. Suppose -c - 5 = 7*y - 5*y, -2*y = 3*c + 7. Calculate o(c).
12
Let t(s) be the first derivative of 3*s**2/2 + 6. Let v = 6 + -4. What is t(v)?
6
Suppose -15*z + 6 = -14*z. Let o(v) = 0*v - v + 0*v**2 - 4 - z*v + v**2. Calculate o(6).
-10
Let z(p) = p**3 + 9*p**2 + 6. Let d be z(-9). Suppose -4*g = 5*j - 3, 2*g = j - 1 + 6. Let n(f) = -4*f**2 + 7 - 15 + f**g - f**3 + d. Give n(-3).
-2
Suppose -5*b + 42 = -3*b. Suppose -7*r = -4*r - b. Let k(v) be the first derivative of v**3/3 - 4*v**2 + 5*v + 2. Give k(r).
-2
Let o(w) = -w**3 + 7*w**2 - 7*w - 6. Let v be 9 + -4 - (-17)/17. Determine o(v).
-12
Let c(r) = -r + 41*r**3 - 28*r**3 + 11 - 12*r**3. Suppose u + 0*u - 8 = -4*g, 4*g - 8 = 3*u. Calculate c(u).
11
Let y(v) = -v**3 + 8*v**2 - 6*v - 2. Let a be 112/(-24)*3/(-2). What is y(a)?
5
Suppose -5*f + 8*f = 9. Let i(v) = -9*v + 4. Determine i(f).
-23
Suppose -5*r + 15 = 5*p, 0 = -2*r + 6*r - p - 7. Suppose r*j + 16 = 6*j. Let w(k) = 4*k - 38 - 2*k**2 + 41 + k. Give w(j).
-9
Let p(i) be the first derivative of -i**2 - 4*i + 4004. Suppose -16 = 3*y - 7. Give p(y).
2
Let l(y) = -9*y**3 - 21*y**2 - 6*y - 6. Let s(b) = 5*b**3 + 11*b**2 + 3*b + 3. Let k(q) = 4*l(q) + 7*s(q). Give k(-7).
18
Let u(k) be the second derivative of 1/2*k**3 - 4*k + 2*k**2 - 1/20*k**5 + 1/6*k**4 + 2. What is u(4)?
-16
Suppose 4*g = -10*g + 4*g. Let q(m) be the second derivative of -3/2*m**2 + 1/12*m**4 + g + 4*m - 1/3*m**3. What is q(3)?
0
Let h(t) = t**3 - t - 1. Let y(o) = o**3 - 4*o**2 + 4*o + 5. Let q(s) = 2*h(s) - y(s). Let x = -915 - -910. Give q(x).
-2
Let d(u) = -7*u**3 + 12*u**2 - 7*u - 3. Let r(a) = 3*a - 6*a**2 + 105*a**3 + 1 + 1 - 101*a**3. Let t(b) = -3*d(b) - 5*r(b). What is t(5)?
4
Suppose -7*m + 3*m = -3*x + 50, 47 = -5*m - 4*x. Let v = 17 + m. Suppose 3*s - 2*b + v*b - 8 = 0, -3*s - 5*b = -7. Let z(d) = d + 4. Calculate z(s).
8
Let u(p) = -p. Let s(k) = 15*k. Let a(q) = -6*s(q) - 85*u(q). Let f = 23 + -27. Let r(h) = 4*h - 1. Let o(t) = f*r(t) - 3*a(t). Determine o(-3).
7
Suppose 90*z = 97*z - 7. Let h be (-1)/2*(-2)/1. Let x(y) = 9*y**3 - 5*y**3 + 2*y + 0*y - h + 4*y**3. Calculate x(z).
9
Let t(h) = -h. Let d(q) = -2*q. Let y = 48 + -55. Let a(c) = y*t(c) + 3*d(c). Calculate a(1).
1
Let j(t) = -t**2 + 6*t - 6. Let z(s) = s**3 + 5*s**2 - 6. Let f be z(-5). Let k be 45/(-30)*20/f. Determine j(k).
-1
Let n(o) be the third derivative of o**6/30 - o**4/8 - o**3/3 - 111*o**2. What is n(-1)?
-3
Suppose 2*b - 8 = -x + 3*x, -8 = 3*b + 2*x. Suppose -4*c + 11 = y - 0*c, -5*y + 4*c + 7 = b. Let m be y - ((-2)/(-1))/(-1). Let n(a) = 2*a - 5. Determine n(m).
5
Let q(b) = 10*b + 141 - b**2 - 305 + 155. Calculate q(7).
12
Let t = -36 + 26. Let s(j) = 43*j**2 - j**3 - 9*j + 8 - 25*j**2 - 29*j**2. Give s(t).
-2
Let d be 2/(-3) - 10/(-6). Let w(n) be the second derivative of -n**4/3 - n**2/2 + 90*n + 2. Determine w(d).
-5
Let m(l) = 63 - 2*l**2 + l**2 - 29 - 33 + 3*l. What is m(4)?
-3
Let n(h) = 3*h - 15. Let s be n(6). Suppose 29 = 4*r - 2*r + 5*f, -4*f - 9 = -s*r. Let g(a) = -a**3 + 6*a**2 + 8*a - 10. Calculate g(r).
-3
Let t(b) be the second derivative of b**3 - 13*b**2 - 27*b. Let v be t(4). Let i(d) = -7*d**2 - d - 1. Determine i(v).
-27
Let u(q) = q**2 + 5*q - 3. Let r be ((-12)/14)/((-15)/70). Suppose d = -r - 5. Let t = d - -3. Give u(t).
3
Let k(u) = 10 + 0*u + 6*u - u - 7*u. Let c be 3/4 - (-8 - (-24)/32). Determine k(c).
-6
Let c = -1024 + 1025. Let b(z) = -42*z - 1. What is b(c)?
-43
Let f(c) = 12*c**3 + 0 + 5 - 13*c**3 - 4*c + c - 5*c**2. Suppose 25 = -0*t + 5*t. Suppose -t*o - 4*z = 0, -2*o = -3*z - z + 28. Give f(o).
1
Let x(k) be the first derivative of 2*k**3/3 - 3*k**2/2 + 1. Let q(y) = -10*y + 42. Let s be q(4). Calculate x(s).
2
Let g(c) = 5*c**2 - c - 1. Let v be g(-1). Suppose f - 10 = -4*f + 5*x, -3*x - 20 = -v*f. Let l(j) = -2*j**2 + 6*j + j + j**2. Give l(f).
0
Let q(t) = t**2 - 3*t + 1. Let c(y) = y**3 + 10*y**2 - 20*y + 5. Let s(d) = c(d) - 6*q(d). Suppose 0*k - 12 = 3*k + 2*v, 0 = -4*k + v - 5. Determine s(k).
11
Let l(i) = -i - 4. Let m be (-1 + 12)*72/132. Give l(m).
-10
Suppose 3*z + 4 = 4*a, 2*z = 4*z + 4*a - 4. Let j(f) = 3*f - 3. Let n be j(z). Let i(o) = -o**2 - 2*o + 3. Determine i(n).
0
Let i(l) = -l**3 + 2*l**2 - 2*l. Let v be (2 - (-1)/1)*22/33. What is i(v)?
-4
Let a(p) be the second derivative of 5*p**3/2 - p**2/2 - 13*p. Let w(j) = 23*j - 1. Let v(c) = -8*a(c) + 5*w(c). Give v(2).
-7
Let w(u) = 2*u**2 - 23*u - 20. Let p be w(14). Let a(v) = 49*v**2 + 20*v**3 - p*v**2 - 8*v**3. Determine a(-1).
-13
Let o be (16 + (-1 - 9))/2. Let w(p) = -3*p**3 + 4*p**2 + p - 4. What is w(o)?
-46
Let k(g) be the third derivative of -g**5/60 - 5*g**4/24 + 5*g**3/6 + 917*g**2. Let y(p) = p - 6. Let i = -1 + 1. Let d be y(i). What is k(d)?
-1
Let i(x) = -51 + 51 + 91*x**2 + 7*x**3 - 90*x**2. Determine i(-1).
-6
Let i(k) be the third derivative of 0*k + 24*k**2 + 1/60*k**5 - 5/6*k**3 + 0 + 1/8*k**4. Determine i(-4).
-1
Let y(b) = -b**3 - 10*b**2 - 9*b. Suppose 6*t = -18*t - 216. Give y(t).
0
Let z(u) = 16*u**3 - 16*u**2 + 23*u - 18. Let p(y) = -9*y**3 + 8*y**2 - 12*y + 10. Let a(b) = 7*p(b) + 4*z(b). Give a(7).
5
Let t(l) = -l - 18. Suppose -1 = -z, 3*w - 2*z + 43 - 11 = 0. Calculate t(w).
-8
Suppose -3*q + 5 + 10 = 0. Let a(u) be the second derivative of 2*u - u**3 + 3*u**2 + 0 + 1/12*u**4. Determine a(q).
1
Let l(h) be the first derivative of h**3/3 - 7*h**2/2 - 12*h + 1. Suppose -963*j -